3132 = -166*d + 2844. Let u(p) = p**2 - 39*p + 93. Calculate u(d).
-15
Let v be (127/(-127))/((-4)/(-14))*24/42. Let q(a) = a**2 - 4*a + 3. Let k be q(4). Let p(m) = m**3 - 3*m**k + 1 - 3*m**2 + m**3. Determine p(v).
-3
Let l(b) = -b**2 + 11. Suppose -4*j - 2*o = -0*j - 8, 16 = -3*j + 4*o. Suppose 6*d + 6 = j, -2*p = 3*p + 5*d + 5. Give l(p).
11
Let o(c) be the second derivative of -c**4/12 - 3*c**3/2 - 3*c**2/2 + c. Suppose -120*d + 189 = 1149. Calculate o(d).
5
Suppose 739*d - 748*d = -9. Let q(f) = 2*f**2 + 16*f**2 - 23*f**2. Give q(d).
-5
Let v(k) = k + 13. Let n(u) = -u**3 - 7*u**2 - 10*u + 2. Let o be n(-5). Let w(r) = 2*r + 14. Let a(q) = o*w(q) - 3*v(q). Give a(9).
-2
Let i(j) = 4*j**3 - 5*j**2 - j - 6. Let r(b) = -4*b**2 + b + 97. Let g be r(5). Calculate i(g).
4
Let r(a) = 10 + 79*a**2 - 19 + 6*a - 20*a**2 - 30*a**2 + a**3 - 23*a**2. What is r(-5)?
-14
Let t(c) = -c**2 - 10 - 375*c + 202*c + 180*c. Suppose -8 + 71 = 9*y. Give t(y).
-10
Let x(o) = o - 6*o**3 + 6*o**3 + 23*o**2 + 15*o**3 + 14*o**3 - 30*o**3 - 20. What is x(23)?
3
Let u(q) be the second derivative of -q**5/20 - 3*q**4/4 - 11*q**3/6 - 3*q**2 + 286*q + 8. What is u(-7)?
-27
Let f(v) = 3*v**3 + 15*v**2 - 28*v - 27. Let o(m) = -2*m**3 - 10*m**2 + 18*m + 17. Let s(j) = 5*f(j) + 7*o(j). Determine s(-7).
-16
Let j(s) be the third derivative of 1/60*s**5 + 2/3*s**3 - 188*s**2 + 5/24*s**4 + 0*s + 0. Calculate j(-3).
-2
Let x(s) = -72*s + 23. Let c be x(2). Let j be 2/(-4) - c/(-22). Let i(p) = -p**3 - 5*p**2 + 8*p + 9. Calculate i(j).
-3
Let w(r) be the second derivative of -7*r**3/3 + 36*r**2 + 48*r. Let s be w(5). Let z(x) = -x**2 + 2*x + 1. Give z(s).
1
Let t = -21477 - -21479. Let h(p) = 10*p - 33. Calculate h(t).
-13
Suppose 2*h = -2*h - 4. Let v(w) be the second derivative of -1/2*w**2 + 8*w + 1/2*w**4 - 1/3*w**3 + 5. Determine v(h).
7
Let c(r) = r**2 - r - 2. Suppose 0 = 2*j - 0 - 4. Suppose 1 + 3 = j*y. Suppose 3*n = y*w - 2, 2*w + 0*w = 2*n. What is c(n)?
4
Let f(j) = j**2 + 42*j - 9. Let g(a) = 2*a**2 + 62*a - 11. Let d(o) = -8*f(o) + 5*g(o). Give d(12).
-7
Let x(b) = -3*b**3 - 3*b**2 - 2*b. Let h be x(-1). Let y(m) = 190*m**2 + 3 - 191*m**h + 13. Determine y(0).
16
Suppose 563 - 318 = 112*q - 427. Let d(w) = 5*w - 1. Give d(q).
29
Let i(c) = -59 - c**2 - 429921*c + 429928*c + 2*c**2. Calculate i(-11).
-15
Let w(j) be the second derivative of -j**6/120 - 11*j**5/60 + j**4/24 + 13*j**3/6 - 23*j**2 + 13*j. Let n(q) be the first derivative of w(q). Determine n(-11).
2
Let w(m) = m**3 - 5*m**2 - 3*m - 8. Suppose -3*p - 5*i + 515 + 203 = 0, 0 = -3*i + 6. Let f = p + -230. Give w(f).
10
Let o(b) be the second derivative of b**4/12 + 5*b**3/3 + 21*b**2/2 + 12*b + 1. Suppose -10*u - 54 - 16 = 0. Give o(u).
0
Let x(s) = 0*s + 5*s**2 + 3*s + 2 - 3*s. Let q be 472/177 - 112/24. Determine x(q).
22
Let h(t) = 3*t - 44. Let m(f) = 45*f + 2520. Let a be m(-56). Give h(a).
-44
Suppose 679*x - 662*x + 221 = 0. Let o(k) = k**2 + 13*k + 10. What is o(x)?
10
Let l(u) = -5*u + 63. Let h(n) = n**2 + 37*n + 326. Let t be h(-13). Give l(t).
-7
Let r(u) be the third derivative of -u**4/12 - u**3/3 + 15*u**2 - 106. What is r(-15)?
28
Suppose -2 = h - p + 4, 4*h = 3*p - 23. Let f(q) = q**2 + 4*q - 1. Let r be f(h). Let t(b) = -b**2 + 6*b - 3. What is t(r)?
5
Suppose 57 - 1 = -2*j. Let l = j - -43. Let o(b) = -l*b - 15 + 12*b + 3. Give o(-8).
12
Let q(n) = -6*n**3 - 28*n**2 + 40*n + 34. Let z(j) = 5*j**3 + 28*j**2 - 38*j - 31. Let y(k) = -6*q(k) - 7*z(k). Determine y(27).
-14
Let u(y) = -6*y**2 - 5*y - 5. Let v(f) = -f**2 - f. Let s(g) = u(g) - 5*v(g). Let p = 2965 - 2969. Give s(p).
-21
Let d(p) = 2*p**2 + 2. Suppose 0 = 4*i - f - 0*f - 242, 4*f = -8. Suppose 31*y = y - i. Calculate d(y).
10
Let t(x) be the second derivative of 1/2*x**3 + 0*x**2 + 0 + 149*x - 1/12*x**4. Calculate t(5).
-10
Let p(o) = o**2 + 13*o + 14. Let x be p(-12). Let t(a) = 3*a**x - 3*a - 10934 + 10934. Calculate t(2).
6
Let n(s) = -1131*s - 9037. Let m be n(-8). Let o(c) = c**3 - 12*c**2 + 9*c + 18. Calculate o(m).
-4
Let j(o) = -5*o - 2. Suppose 300 = -5*d - n, 5*d + 305 = -5*n + 5. Let p = -53 - d. Suppose -3 = 2*l + p. What is j(l)?
23
Let n(z) = z**3 - 5*z**2 + 5*z - 4. Let h(d) = 87*d - 69. Let g be h(6). Suppose 4*p - g = -437. Determine n(p).
0
Let o be ((-231)/(-44) - 5)/(6/24). Let b(f) = -3*f + 5*f - 4*f - f**2 + 3. Let h(x) = 3*x**2 + 4*x - 7. Let m(r) = 5*b(r) + 2*h(r). Give m(o).
0
Let t = -7770 - -7770. Let m(v) = -v**2 + 4*v - 37. Determine m(t).
-37
Let c(i) = 28*i - 117. Let l(j) = -93*j + 396. Let b(s) = 33*c(s) + 10*l(s). Give b(17).
-3
Let j be 2*((-78)/36 - 4/3). Let d be (-4)/(-14) + (-95)/(-35) + 0. Let c(l) = -3*l - 5 - 7*l**2 - d*l**2 - 3 - l**3 + 3*l**2. Determine c(j).
13
Let y = -136 + 150. Let p(m) = -1 + y*m**2 + 20*m**2 - 33*m**2 + 5*m. Let k(f) = 2*f**2 + 9*f - 2. Let x(l) = 6*k(l) - 11*p(l). What is x(3)?
5
Let d(p) = -3*p - 42 - 40 + 83 + 2*p. Let v(a) = 3*a + 9. Let q(f) = 2*d(f) + v(f). Determine q(-5).
6
Suppose 0 = -11*g + 8*g + 96. Suppose 44*n - 36*n - g = 0. Let p(d) = -d**2 + 2*d + 1. Determine p(n).
-7
Let p(b) = -342 + 701 - 2*b - 356. Suppose -3*f = 4*k - 10, 5*f + k - 7 - 21 = 0. What is p(f)?
-9
Let l(y) = y - 2. Let z be ((-125)/(-20) + -5)*28. Suppose -39*b = -z*b + 16. Give l(b).
-6
Suppose -3*w - 3 = 0, 0 = -0*r + r - 5*w + 12. Let d(n) = -n**3 - 18*n**2 - 18*n - 17. Let b be d(r). Let y(a) = -1 + a**3 + 0 + 8 + 3 - a. Determine y(b).
10
Let y = -10139 - -10144. Let z(x) = 0 + 2*x - 5*x + 7. Let j(f) = 4*f - 8. Let p(g) = y*z(g) + 4*j(g). Determine p(-4).
-1
Let v(f) be the first derivative of -88*f**2 + 11*f + 87*f**2 + 2*f + 49. Determine v(9).
-5
Let x be 208/24 + -10 - 22/6. Let n(s) = -s**2 - 6*s - 6. What is n(x)?
-1
Let g(q) = 115*q**2 + 23. Let d(i) = 64*i**2 + 11. Let v(n) = -9*d(n) + 5*g(n). Calculate v(3).
7
Let d(n) = n**3 - 14*n**2 + 14*n - 3. Let z be d(13). Suppose -z = -8*b - 2. Let x(y) = -16*y**3 - y**2. Give x(b).
-17
Let w(i) = -3*i - 1. Let m be ((-2)/(-6))/(-3 + (-275)/(-90)). Suppose -5*d - 3 = -m*d, d - 22 = -l. Suppose 11 - l = 4*u. Determine w(u).
5
Suppose 0 = -n - 2*a + 7, -3*n + 0*a + 17 = 5*a. Let j(l) = 158*l**2 - 5*l + 5. Let g(h) = -91*h**2 + 3*h - 3. Let r(p) = 5*g(p) + 3*j(p). Determine r(n).
19
Let g(l) = -363 + 134 + 137 + 15*l + 117. What is g(-2)?
-5
Let u be 5/(-1) + 6 + -7. Let w(o) = o + 8. Let i(p) = -2*p - 17. Let d(n) = u*i(n) - 14*w(n). Suppose 77*q = 67*q - 70. Give d(q).
4
Let u be (7/7)/(3/(-207)). Let k = u - -78. Let j(l) = -l**3 + 9*l**2 + 2*l - 13. What is j(k)?
5
Let r(t) = -3*t + 13*t + 8*t - 122 - 5*t. Let s be r(9). Let m(l) = -l**3 - 4*l**2 + 8*l + 7. Calculate m(s).
-8
Let o(b) = -8*b**2 + b - 6. Let q(f) = 31*f**2 - 3*f + 20. Let y(u) = -11*o(u) - 3*q(u). Determine y(-2).
-10
Let v(b) = -8*b - 1. Let k = 17 - 10. Suppose -k*u + 14 = 427. Let p = u + 58. Calculate v(p).
7
Let q(j) = -4*j + 74. Let m(h) = 4*h - 18. Let r(y) = 3*m(y) + 2*q(y). Calculate r(-19).
18
Let r(n) = 39*n - 499. Let k be r(13). Let m(b) be the first derivative of -b**3/3 + 3*b**2 + 13*b - 6. Give m(k).
-3
Let u(f) = f**3 + 8*f**2 - f - 10. Suppose 22 = -4*b + 2*a, -11*b + 5*a + 33 = -12*b. Determine u(b).
-2
Let d(v) = -1 + 408*v - 16 - 421*v - v**2. Give d(-14).
-31
Let m(a) = 4*a**2 - a - 2. Let w(q) = 13*q**2 + 26*q + 92. Let v(c) = 3*m(c) - w(c). What is v(-25)?
2
Let q(f) = 3*f**3 - 17*f**2 - 29*f + 15. Let b be q(7). Let d(z) = -11*z - b + 4 + 2. Determine d(1).
-13
Let k(i) = i**3 + 12*i**2 + 21*i - 1. Let w be k(-10). Let g = w + 14. Let x(p) be the second derivative of -p**5/20 + p**4/4 - p**3/6 - 5*p. Calculate x(g).
-3
Let j(b) = b**3 + 2*b**2 - 1. Suppose 2*m + 389 = 3*x, 0*x - 2*x - 404 = 2*m. Let k = 201 + m. What is j(k)?
15
Let g(d) = d**3 + 2*d**2 + 3*d + 3. Let m be (32 + -27)/(-35)*(0 + -21). Determine g(m).
57
Let c(p) = -303*p - 1210. Let v be c(-4). Let g(q) be the third derivative of 0*q**5 + 0*q - 1/120*q**6 - q**2 + 0 + 0*q**3 + 0*q**4. Determine g(v).
-8
Let x(h) = 5*h + 66. Suppose 8*p - 5*p = -4*b - 41, 5*p - 38 = 3*b. Calculate x(b).
11
Let w = 6 + -5. Suppose -4*l + 5 = s, -3*s - 3 = -6. Let m(f) = l - 6*f - f**2 + f**3 + 0*f**2 - 15*f**3 + 5*f. Determine m(w).
-15
Let b be (2 + -1)/((-10)/50). Let n(u) = -3